{"id":5,"date":"2017-06-13T02:23:05","date_gmt":"2017-06-13T02:23:05","guid":{"rendered":"http:\/\/jtainc.net\/wordpress\/?page_id=5"},"modified":"2024-02-20T14:32:02","modified_gmt":"2024-02-20T18:32:02","slug":"about","status":"publish","type":"page","link":"https:\/\/www.jtainc.net\/index.php\/about\/","title":{"rendered":"About"},"content":{"rendered":"<p><img loading=\"lazy\" decoding=\"async\" class=\"alignnone size-medium wp-image-88\" src=\"http:\/\/jtainc.net\/wordpress\/wp-content\/uploads\/2017\/06\/AboutUs-1-300x99.jpg\" alt=\"\" width=\"300\" height=\"99\" srcset=\"https:\/\/www.jtainc.net\/wp-content\/uploads\/2017\/06\/AboutUs-1-300x99.jpg 300w, https:\/\/www.jtainc.net\/wp-content\/uploads\/2017\/06\/AboutUs-1.jpg 389w\" sizes=\"auto, (max-width: 300px) 100vw, 300px\" \/><\/p>\n<h1 style=\"color: #3366cc;\"><strong>Misi\u00f3n<\/strong><\/h1>\n<h2 align=\"justify\">Nuestra misi\u00f3n es brindar un <strong>servicio confiable<\/strong>, r\u00e1pido y de excelencia el cual ayude a nuestros clientes a obtener un funcionamiento eficaz &amp; eficiente en su trabajo, al ofrecer un soporte tecnol\u00f3gico profesional que con rapidez responda a las necesidades de nuestros clientes.<\/h2>\n","protected":false},"excerpt":{"rendered":"<p>Misi\u00f3n Nuestra misi\u00f3n es brindar un servicio confiable, r\u00e1pido y de excelencia el cual ayude a nuestros clientes a obtener un funcionamiento eficaz &amp; eficiente en su trabajo, al ofrecer un soporte tecnol\u00f3gico profesional que con rapidez responda a las necesidades de nuestros clientes.<\/p>\n","protected":false},"author":1,"featured_media":0,"parent":0,"menu_order":0,"comment_status":"closed","ping_status":"closed","template":"","meta":{"footnotes":""},"class_list":["post-5","page","type-page","status-publish","hentry"],"_links":{"self":[{"href":"https:\/\/www.jtainc.net\/index.php\/wp-json\/wp\/v2\/pages\/5","targetHints":{"allow":["GET"]}}],"collection":[{"href":"https:\/\/www.jtainc.net\/index.php\/wp-json\/wp\/v2\/pages"}],"about":[{"href":"https:\/\/www.jtainc.net\/index.php\/wp-json\/wp\/v2\/types\/page"}],"author":[{"embeddable":true,"href":"https:\/\/www.jtainc.net\/index.php\/wp-json\/wp\/v2\/users\/1"}],"replies":[{"embeddable":true,"href":"https:\/\/www.jtainc.net\/index.php\/wp-json\/wp\/v2\/comments?post=5"}],"version-history":[{"count":11,"href":"https:\/\/www.jtainc.net\/index.php\/wp-json\/wp\/v2\/pages\/5\/revisions"}],"predecessor-version":[{"id":1852,"href":"https:\/\/www.jtainc.net\/index.php\/wp-json\/wp\/v2\/pages\/5\/revisions\/1852"}],"wp:attachment":[{"href":"https:\/\/www.jtainc.net\/index.php\/wp-json\/wp\/v2\/media?parent=5"}],"curies":[{"name":"wp","href":"https:\/\/api.w.org\/{rel}","templated":true}]}}