{"id":64,"date":"2018-08-09T18:14:16","date_gmt":"2018-08-09T18:14:16","guid":{"rendered":"http:\/\/jtainc.net\/wordpress\/?page_id=64"},"modified":"2018-09-17T17:29:12","modified_gmt":"2018-09-17T21:29:12","slug":"redes","status":"publish","type":"page","link":"https:\/\/www.jtainc.net\/index.php\/redes\/","title":{"rendered":"Redes"},"content":{"rendered":"<h1><strong style=\"color: #3366cc;\">\u00c1rea de Ingenier\u00eda, Proyectos e Instalaciones<\/strong><\/h1>\n<p>Siguiendo una clara pol\u00edtica de integraci\u00f3n, desarrollamos unos de los pilares m\u00e1s s\u00f3lidos que posee nuestra empresa, implementada para la atenci\u00f3n Corporativa de nuestros clientes con una amplia experiencia y t\u00e9cnicos altamente calificados cubriendo los siguientes servicios:<\/p>\n<h3 style=\"color: #3366cc;\" align=\"left\"><strong>Instalaci\u00f3n de Redes<\/strong><\/h3>\n<ul type=\"disc\">\n<li>Instalaci\u00f3n y mantenimiento de redes LAN (UTP \/ Fibra \u00d3ptica)<\/li>\n<li>Administraci\u00f3n y operaci\u00f3n de redes de voz y datos<\/li>\n<li>Cableados estructurados, routing, configuraci\u00f3n, acceso remoto, comunicaciones<\/li>\n<li>Topologias\u00a0Ethernet, fastEthernet, GigaEthernet, FDDI, Token Ring, etc.<\/li>\n<\/ul>\n<h3><strong style=\"color: #3366cc;\">Servicios a Redes<\/strong><\/h3>\n<ul>\n<li>Soporte para Redes Windows Server, Apple y\u00a0 Linux<\/li>\n<li>Conectividad entre redes (internetworking) LAN &amp; WAN<\/li>\n<li>Configuraci\u00f3n de VPN (Virtual Private Network o red virtual privada), para comunicaci\u00f3n segura y costo efectiva a trav\u00e9s de Internet<\/li>\n<\/ul>\n<h3 style=\"color: #3366cc;\" align=\"left\"><strong>Seguridad de Redes y Certificaci\u00f3n<\/strong><\/h3>\n<p>Estudios y dise\u00f1os de esquemas de seguridad de redes corporativas y empresariales.\u00a0Hoy en d\u00eda la seguridad de los datos y la informaci\u00f3n es un tema de gran importancia, pero en forma recurrente algunas empresas no le dedican el cuidado requerido, hasta que es muy tarde.<\/p>\n<ul>\n<li>An\u00e1lisis de seguridad de redes corporativas.<\/li>\n<li>Implementaci\u00f3n de sistemas de seguridad de redes.<\/li>\n<li>Mantenimiento de redes y de sistemas de seguridad de redes.<\/li>\n<\/ul>\n","protected":false},"excerpt":{"rendered":"<p>\u00c1rea de Ingenier\u00eda, Proyectos e Instalaciones Siguiendo una clara pol\u00edtica de integraci\u00f3n, desarrollamos unos de los pilares m\u00e1s s\u00f3lidos que posee nuestra empresa, implementada para la atenci\u00f3n Corporativa de nuestros clientes con una amplia experiencia y t\u00e9cnicos altamente calificados cubriendo los siguientes servicios: Instalaci\u00f3n de Redes Instalaci\u00f3n y mantenimiento de redes LAN (UTP \/ Fibra &hellip; <\/p>\n<p class=\"link-more\"><a href=\"https:\/\/www.jtainc.net\/index.php\/redes\/\" class=\"more-link\">Continue reading<span class=\"screen-reader-text\"> &#8220;Redes&#8221;<\/span><\/a><\/p>\n","protected":false},"author":1,"featured_media":0,"parent":0,"menu_order":0,"comment_status":"closed","ping_status":"closed","template":"","meta":{"footnotes":""},"class_list":["post-64","page","type-page","status-publish","hentry"],"_links":{"self":[{"href":"https:\/\/www.jtainc.net\/index.php\/wp-json\/wp\/v2\/pages\/64","targetHints":{"allow":["GET"]}}],"collection":[{"href":"https:\/\/www.jtainc.net\/index.php\/wp-json\/wp\/v2\/pages"}],"about":[{"href":"https:\/\/www.jtainc.net\/index.php\/wp-json\/wp\/v2\/types\/page"}],"author":[{"embeddable":true,"href":"https:\/\/www.jtainc.net\/index.php\/wp-json\/wp\/v2\/users\/1"}],"replies":[{"embeddable":true,"href":"https:\/\/www.jtainc.net\/index.php\/wp-json\/wp\/v2\/comments?post=64"}],"version-history":[{"count":8,"href":"https:\/\/www.jtainc.net\/index.php\/wp-json\/wp\/v2\/pages\/64\/revisions"}],"predecessor-version":[{"id":1835,"href":"https:\/\/www.jtainc.net\/index.php\/wp-json\/wp\/v2\/pages\/64\/revisions\/1835"}],"wp:attachment":[{"href":"https:\/\/www.jtainc.net\/index.php\/wp-json\/wp\/v2\/media?parent=64"}],"curies":[{"name":"wp","href":"https:\/\/api.w.org\/{rel}","templated":true}]}}